 = 4*o - q, -q + 22 = 3*o. What is the remainder when (c/4)/((-7)/140) is divided by o?
0
Let i = 49 + -31. Let g = 355051 - 355001. What is the remainder when g is divided by i?
14
Let s = -5619 - -6615. What is the remainder when s is divided by 193?
31
Let f = -6817 - -6947. Calculate the remainder when 393 is divided by f.
3
Suppose 29*k - 30*k - n = -208, -606 = -3*k + 3*n. Calculate the remainder when 1215 is divided by k.
190
Suppose -1623*a + 79820 = -1558*a. Calculate the remainder when a is divided by 81.
13
Suppose -15*y = -27*y + 204. Suppose 763 = -y*x + 2990. Calculate the remainder when x is divided by 6.
5
Suppose k + 113 = 2*u + 9, u - 50 = k. What is the remainder when 292 is divided by u/13 + -4 + (-1088)/(-26)?
40
Suppose -135*h = 371*h - 32477 - 82891. Suppose o - 5*o + 22 = 2*d, 0 = 2*d - o - 22. Calculate the remainder when h is divided by d.
8
Suppose n = 13 + 8. Suppose 0 = -4*h - 3*f + 116, -4*h - 3*f + 120 = f. Calculate the remainder when (n/(-28))/((-3)/504) is divided by h.
22
Let u = 4645 + -4608. What is the remainder when 961 is divided by u?
36
Let f = -3024 + 3114. What is the remainder when 1349 is divided by f?
89
Suppose 1421*x = 1429*x - 16528. Calculate the remainder when x is divided by 8.
2
Suppose -6*t - 216 = -12*t. Suppose t = u + 23. What is the remainder when u is divided by (-8)/40*-1 + (-34)/(-5)?
6
Suppose 5*x - 8*x + 12 = 0. What is the remainder when 29 is divided by (-1 + 39/15)*(14 - x)?
13
Let n(d) = -d**2 - 6*d + 3. Let i(h) = 3*h + 3. Let x be i(-3). Let g = -898 - -901. Calculate the remainder when n(x) is divided by g.
0
Let h be ((0/6)/5)/(-4). Suppose 2*d + 4*l = 62, -d - 4*d - 4*l + 131 = h. What is the remainder when d is divided by 14?
9
Let s(n) = -28*n - 6. Let z(f) = -f - 1. Let g(a) = -2*s(a) + 28*z(a). What is the remainder when g(6) is divided by 31?
28
Suppose -q = i - 56, 57*i = 54*i + 18. What is the remainder when 2123 is divided by q?
23
Let p(f) = -18*f + 238. Let a be p(8). Suppose -a*r - 578 = -111*r. Calculate the remainder when r is divided by 1 + -2*9/(-1).
15
Let y = 28780 - 28010. Calculate the remainder when y is divided by 215.
125
Calculate the remainder when 185 - 9*(-8)/24*2 is divided by 187.
4
Let z(x) = -x**2 - 4*x + 1. Let h be z(-3). Suppose -4*v - 5*t = -92, -11 = h*v - 4*t - 67. What is the remainder when 48 is divided by v?
12
Suppose 208 = 5*w + 213, 1258 = 5*s - 3*w. Calculate the remainder when 506 is divided by s.
4
Let r(g) = 2*g**2 - 12*g - 133. What is the remainder when r(-12) is divided by 87?
38
Suppose -1 = v, -3*j = -4*v - 822 - 610. Calculate the remainder when j is divided by 54.
44
Let g = -12324 + 12349. What is the remainder when g is divided by 15 + (-8)/(8 - 4)?
12
Let b(m) = -m**2 + 25*m - 16. Let o be b(24). Suppose o*y = 268 + 116. Let w = y + -31. What is the remainder when 31 is divided by w?
14
Suppose -373*h + 404*h - 96534 = 0. Calculate the remainder when h is divided by 84.
6
Let i = 76 + -210. Let q = i - -149. Suppose 0 = -3*w + z + 128, 3*w - 41 = -2*z + 81. What is the remainder when w is divided by q?
12
Let n(b) = -b**2 + 223*b + 5145. Let z(v) = -6*v**3 + 2*v**2 + 2*v + 3. Calculate the remainder when z(-2) is divided by n(-21).
13
Let b(x) = 6*x - 6. Let p be b(1). Suppose -4*g + 8*g - 432 = p. Suppose -r + 126 = 2*w - 99, g = w - r. What is the remainder when w is divided by 14?
13
Let z = -7590 - -7632. Suppose 27 = q - 0*q. Let o = 38 - q. Calculate the remainder when z is divided by o.
9
Suppose -2*c + 31 - 81 = 0. Let a = c - -45. Suppose l - 4*m - 8 = -a, 0 = 3*l + 4*m - 44. Calculate the remainder when l is divided by 3.
2
Let p(q) = 5*q**2 - 64*q + 768. What is the remainder when p(14) is divided by 62?
46
Suppose 55 = -6*k + 43. Let s be 34/((k*4/16)/1). Let j = s - -77. What is the remainder when j is divided by 3?
0
Let j = 6 - 1. Suppose 10*s - 9 = 7*s. Suppose -j*b + 7 = -s. What is the remainder when 4 is divided by b?
0
Let n = 484 - 70. Suppose 35*p - 12*p = n. What is the remainder when 301 is divided by p?
13
Suppose 2*a = -10, 0*a = -2*m + 2*a + 18. Suppose -m*o + 0*o = 72. Let w = o + 28. What is the remainder when 25 is divided by w?
5
Suppose 5*k = 4*r - 68, 2*k = 5*r - 654 + 569. What is the remainder when 6067 is divided by r?
15
Let c = 833 - 431. Suppose 27 = -5*n + c. Calculate the remainder when n is divided by 13.
10
Let f be -10 - -4*2/4. Let h = f + -1. What is the remainder when 9*25*(-1 - 15/h) is divided by 31?
26
Let w(x) = -17*x + 36. Calculate the remainder when (-2 - (4 + -5))/((-9)/504) is divided by w(2).
0
What is the remainder when 6/(-7) - (-183680)/490 is divided by 2/8 + -2*215/(-8)?
50
Let w be (14 + 84)/((-3)/(-402)). What is the remainder when 69 is divided by 4/30 + (w/(-105))/(-7)?
15
Let h = -3881 - -3933. Calculate the remainder when 93 + 1/(1/1) is divided by h.
42
Let x(r) = 8*r + 5. Let a be x(11). Let f = a + -74. Calculate the remainder when 321 is divided by f.
17
Let k(j) = 11*j - 271. Let m be k(25). Suppose -m*w + 2*l = -108, 0 = -2*w - 21*l + 19*l + 60. What is the remainder when 72 is divided by w?
16
Suppose -8*j = -j + 10*j. Let n be -1*3/(-6)*j/4. Let s(z) = -z**2 + 2*z + 20. What is the remainder when 53 is divided by s(n)?
13
Calculate the remainder when 5165 is divided by (10/13)/(931/12103).
5
Let s be (308 - 321) + (1 - -2). Let a(h) = -9*h**2 + 4 - 14*h - 3*h**3 - 2*h**2 + 2*h**3. What is the remainder when a(s) is divided by 24?
20
Let r(c) = -24*c**2 + 14*c - 117. Let w(s) = -11*s**2 + 7*s - 58. Let u(z) = -6*r(z) + 13*w(z). Calculate the remainder when u(-13) is divided by 30/4*4/3.
6
Suppose t = 5*t - 8. Let j(r) = 43 + 9*r**t + 6*r - 8*r**2 - 57. What is the remainder when 181 is divided by j(-10)?
25
Let b = 3055 - 2746. Calculate the remainder when b is divided by 209.
100
Let k = 184 + -192. Let q = -3 - k. What is the remainder when 139 is divided by q?
4
Let o(b) = b**2 + 17*b + 20. Let k(p) = -p**2 - 16*p - 19. Let l(g) = 3*k(g) + 2*o(g). What is the remainder when 83 is divided by l(-5)?
27
Let s = 12218 - 11635. What is the remainder when 5247 is divided by s?
0
Let k(l) = l**3 + 17*l**2 - l + 42. Calculate the remainder when 194 is divided by k(-17).
17
Suppose -11*h = 23*h - 714. Suppose 8*o + h*o = 12412. Calculate the remainder when o is divided by 13.
12
Let i(o) = -6*o + 18. Suppose -6 = 2*w + 5*t, 2*w - 27 = -3*w - 2*t. Let u be i(w). What is the remainder when 8/u - (-642)/9 is divided by 15?
11
Let q(a) = -66*a + 601. Calculate the remainder when 843 is divided by q(3).
37
Let x(a) = a**2 - 8*a + 16. Let h be x(6). What is the remainder when 259 is divided by 29/((h - 2) + -1)?
27
Let q be 1/((1/(-15))/1). Let z(h) = -145*h - 7661. What is the remainder when ((-114)/q)/((-1)/(-25)) is divided by z(-53)?
22
Suppose 0 = 4*o + f + 578, 4*f + 7 + 1 = 0. Let v = -96 - o. Let i = v + -2. Calculate the remainder when 321 is divided by i.
45
Suppose 0 = -76*i + 201*i - 625. Let g = 27 + 19. What is the remainder when g is divided by i?
1
Let j(y) = -11*y**2 - 512*y + 32. What is the remainder when j(-23) is divided by 5?
4
What is the remainder when 435 is divided by ((-15)/(-10))/((-1)/2)*130/(-6)?
45
Let l(g) = 236*g - 469. What is the remainder when l(5) is divided by 105?
81
Let g(a) = -6*a - 6. Let b(y) = 2*y**2 + 45*y + 139. Let v be b(-20). Suppose 228 = v*u + 33. What is the remainder when g(-5) is divided by u?
4
Let d = -3594 - -3668. Calculate the remainder when 443 is divided by d.
73
Let w = 63 + -37. Let y(n) = 6*n - 25 - w + 29. Calculate the remainder when y(9) is divided by 12.
8
Suppose 2*s = 2*f + 4*s, 0 = 3*f + 2*s - 4. Let o = 812 + -807. Calculate the remainder when o is divided by f.
1
Suppose -4*p = 3*n - 25, -p + 55 = -53*n + 57*n. Let v(h) = 2*h**2 + 5. Calculate the remainder when v(7) is divided by n.
13
Let a = 5152 - 4123. What is the remainder when a is divided by 349?
331
Let q(p) = -4*p + 31. Let d be q(7). Suppose 0 = i - d - 0. Suppose 0 = 5*h - i*h - 36. Calculate the remainder when h is divided by 7.
4
Let a = 1295 - 528. What is the remainder when a is divided by (16*-6)/(25/((-300)/24))?
47
What is the remainder when 2191 is divided by 611/47 + -19 - (0 + 121/(-1))?
6
Let i(u) = 2*u**2